14*n - 1006*n + 17 - 10*n**2 - 1081*n. Calculate q(24).
-7
Let c = -6 - -10. Let f be ((-90)/(-27))/(c/(-6)). Let z(j) = -j**2 + 8*j + 8. Let q(s) = 2*s**2 - s - 2. Let w(a) = -q(a) - z(a). Give w(f).
4
Let b(y) = -14*y - 75. Let t be b(-6). Let u(i) = 3*i + 7 - i + i - i. Determine u(t).
25
Let q = -27853/2 + 13930. Let u(f) be the first derivative of -1/3*f**3 + 10*f + 29 + q*f**2. Give u(9).
-8
Let x(l) = 3*l**3 + 19*l**2 + 17*l + 37. Let v = 409 - 392. Let i(t) = -t**3 - 7*t**2 - 6*t - 13. Let s(z) = v*i(z) + 6*x(z). Give s(2).
-11
Let r(i) = -5*i - 43. Let q be r(-8). Let j(x) = -4 + 19*x**2 - 18*x**2 - 2*x - 3. Calculate j(q).
8
Let p(v) = v**2 + 6*v + 3. Let n be 5 + 2 + 0 + -4. Let k be (-6 - (n + -12))*-1. Give p(k).
-6
Suppose -2*r = -5*i + 26, -4*r + 35 - 87 = 2*i. Let l(q) = -q**2 - 19*q - 83. What is l(r)?
-5
Let g(h) = h**2 + 22*h + 31. Let n(r) = -r**2 - 24*r - 30. Let x(v) = -6*g(v) - 5*n(v). Give x(-5).
-1
Suppose 0 = -7*o + 2*o + 3*m + 19, -o - 4*m + 13 = 0. Let t(r) = 2 + r - 5 - o*r. Suppose 17 - 2 = 5*s. Determine t(s).
-15
Let v(k) = 11*k - 341. Let z be v(31). Let d(f) = -7*f - 3. Let t be d(z). Let j(i) = -i**3 - 3*i**2 + 5*i + 3. Determine j(t).
-12
Let z(j) be the second derivative of 5/3*j**3 + 0 - 1/20*j**5 - 11*j + 3/2*j**2 - 3/4*j**4. Determine z(-10).
3
Let i(f) = 529 - 17*f - 198 + 3*f - 256 + 4*f. Give i(8).
-5
Let y(j) = 147 + 91*j**2 - 82*j**2 - 290 + 144. Calculate y(-2).
37
Let f(o) = -o**3 + 9*o**2 + 38*o - 26. Let i be f(12). Let d(x) = -44*x - 38*x + 123*x - 2*x**2 - 43*x - 2. Calculate d(i).
-6
Let a(g) = 10*g**3 - 25*g**2 - 31*g + 24. Let b(u) = -23*u**3 + 51*u**2 + 65*u - 46. Let p(c) = -7*a(c) - 3*b(c). What is p(23)?
-53
Let z(m) be the third derivative of -m**7/630 - m**6/180 - m**5/40 - m**4/4 - 30*m**2. Let x(o) be the second derivative of z(o). What is x(-2)?
-11
Let v(r) = r**2 - 5*r + 1. Let s be (-1 - 12)/((-5)/5). Let g = s - -7. Suppose -4*u + 0*n - n + g = 0, -4*n = -4*u. Determine v(u).
-3
Let a(x) = 2*x + 4. Let d be 3/15*11 + 1/(-5). Let n be a(d). Suppose -k - n = -3*y - 5, -4*k + 16 = 2*y. Let t(j) = j**2 - 3*j + 4. What is t(k)?
4
Let r(f) = -2*f - 2*f + 2 + 5 + 64*f**2 - 60*f**2. Let p(q) = 3*q**2 - 4*q + 6. Let b = -18 + 14. Let i(v) = b*r(v) + 5*p(v). What is i(-6)?
-10
Let q(w) = -w**3 - 6*w**2 - 7. Let r = -34 + 52. Let x = -14 + r. Suppose -3*u - x*u - 42 = 0. Determine q(u).
-7
Let j(p) = p**2 - 10*p + 18. Let v be ((-1 - 17) + -2)/(8 + -10). What is j(v)?
18
Let r(t) = -t**2 + 18*t - 57. Let c be r(12). Suppose 9 = c*m - 81. Let p(o) = o. What is p(m)?
6
Let u(x) be the third derivative of x**4/8 - 46*x**3/3 - 2183*x**2. Give u(29).
-5
Let j = 1997/51384 + 6/2141. Let f(h) be the third derivative of 1/120*h**6 + j*h**4 + 12*h**2 + 1/2*h**3 - 2/15*h**5 + 0*h + 0. Calculate f(8).
11
Let x(l) = l**2 - 14*l + 76. Let i(v) = -v**3 + 12*v**2 - 142*v + 1450. Let n be i(11). Calculate x(n).
31
Let g(s) = -15*s - 4. Suppose 11 = -11*q + 66. Suppose 2*t - q = t. Let b(r) = -7*r - 2. Let w(z) = t*b(z) - 2*g(z). What is w(-4)?
18
Let a(m) = 2*m - 25. Suppose 19 = h + y, -h + 568 - 543 = 4*y. Determine a(h).
9
Let q(a) = -a + 4. Let f = 99 - 95. Suppose -2*i = f*l - 0*l - 2, -2*i - 7 = l. Give q(l).
1
Let f = -905 - -911. Let h(r) be the first derivative of r**3/3 - 5*r**2/2 - 16. Calculate h(f).
6
Let x(s) = -s**3 - 7*s**2 - 12*s - 1. Let v be x(-5). Suppose 3*t = -v*k + 6*k + 9, -3*t + 6 = 0. Let q(n) = -n**3 - n**2 + 1. Give q(k).
-1
Let s(y) be the third derivative of y**6/120 + y**5/30 + 2*y**3/3 + y**2. Suppose -26 = -12*k + 11*k. Let j be (-6)/4 + (-39)/k. Give s(j).
-5
Let h be (-22)/(-4) - 11/22. Let v = 44 - 20. Suppose 2*d = h*d - v. Let n(k) = -k**2 + 8*k - 2. Calculate n(d).
-2
Let g(i) = i**3 + 2*i**2 - i - 2. Let y = -11 - 12. Let j be (y - (1 - -1)) + (3 - 2). Let d be (8/(-6))/(16/j). Calculate g(d).
12
Suppose -18228*t + 18211*t = -595. Let q(f) = f**3 - 35*f**2 + f - 30. Calculate q(t).
5
Let a = -2 - -5. Let d(u) = 27*u + 1. Let z = -357 + 354. Let l(x) = 12*x + 1. Let v(q) = z*d(q) + 7*l(q). What is v(a)?
13
Let y = -5 + -1. Let w(f) be the first derivative of 11*f**2/2 + 13*f + 1625. Let n(r) = 5*r + 6. Let c(o) = y*w(o) + 13*n(o). What is c(3)?
-3
Let p(a) = 296 - 127 - 162 - 44*a. Give p(2).
-81
Let a(i) be the first derivative of i**2/2 + 2*i - 69. Let o(d) = -d**2 - 9*d - 5. Let m be o(-8). Let b be (-4 + m)*(2 + 0). Calculate a(b).
0
Let r(l) = -2*l - 14. Suppose -134*w - 48 = -136*w. Suppose 84 = -10*i + w. What is r(i)?
-2
Let n = -38 + 44. Suppose 0 + 54 = n*d. Suppose -44*k = -47*k + d. Let r(f) = f**2 - 1. Calculate r(k).
8
Let l(x) be the first derivative of -x**4/4 - 8*x**3/3 - 5*x**2 + x + 129. Calculate l(-2).
-3
Let q(a) = -2*a**3 - 2*a**2 + 2*a + 1. Suppose 6 = -2*b, x + 3*b + 0 = -3. Suppose -10*o + x = -7*o. Suppose -3*p + 2*s + 1 + 1 = 0, o = -5*p + 2*s. Give q(p).
5
Let n(p) = p**2 + 10*p + 22. Let d be n(7). Suppose 134*o = d*o - 56. Let q(t) = t - 13. Give q(o).
-5
Let p(j) = 40*j + 44. Let x(f) = 14*f + 15. Let m(a) = 6*p(a) - 17*x(a). Let k(t) = 4*t + 16. Let g(d) = -4*k(d) + 7*m(d). Give g(-2).
3
Let h(u) be the first derivative of -u**3/3 - 19*u**2/2 - 56*u - 2058. What is h(-16)?
-8
Let s be (134/(-15) + (-28)/70)*-3. Suppose -4*h - 2 = -0*l + 2*l, 2 = -h. Suppose g + l*g = -s. Let p(c) = c**3 + 7*c**2 - 2*c - 1. What is p(g)?
13
Suppose 239*f - 459*f + 1980 = 0. Let g(t) = 4*t - 52. What is g(f)?
-16
Let c(w) = -w**3 + 9*w**2 - 17*w - 15. Let q be (-4 - (-88)/28)*((9 - 11) + -5). Calculate c(q).
-9
Suppose 38*a + 46 = -16*a + 46. Let y(j) be the second derivative of a - 1/6*j**3 + 1/2*j**2 + 0*j**4 - 7/20*j**5 + 6*j. Determine y(1).
-7
Suppose -5*d - 8*o + 12*o = -2182, 5*o = -3*d + 1287. Let i = d - 437. Let x(k) = k**2 + k - 4. What is x(i)?
2
Let a be (-5)/((-72)/90 + (-1)/5). Let n(y) = 9 - 2 + 5*y - y + 0. Calculate n(a).
27
Let j(n) = -n + 7. Suppose -3*m - 2 - 1 = 4*v, 4*m = -3*v + 3. Suppose -m*w + 5*r = -5, -16 = -2*w + 4*r - 7*r. Calculate j(w).
2
Let x be (-3)/(6/(-8)) + -1. Let q be ((-1)/x)/(4/36). Let p(t) = -2*t - 26*t**3 + 1 + 16*t**3 + 9*t**3 - 3*t**2. What is p(q)?
7
Let h(q) = -16*q - 136. Let m be h(-9). Let c(u) be the first derivative of m - 5*u + 1/3*u**3 + 5/2*u**2. What is c(-5)?
-5
Suppose 81 + 163 = -24*z + 85*z. Let r(c) be the first derivative of -5/2*c**2 - 7*c - 5/3*c**3 + 33 + 1/4*c**z. What is r(6)?
-1
Let p(w) = -3*w**2 - 5*w + 10. Let m(q) = q**2 + 522*q + 2590. Let x be m(-5). Give p(x).
-90
Let t(y) = 1 - 4 - 3*y**2 + 2*y**2 - 6*y. Let v be ((2 + -3)*-1)/(0 - -1). Let u(d) = d**2 + d. Let c(p) = v*t(p) + 2*u(p). What is c(5)?
2
Suppose -2*x + 4*q - 20 = 66, 5*q = 3*x + 133. Let c = 46 + x. Let a(d) be the third derivative of -d**4/24 - 2*d**3/3 + 14*d**2. Calculate a(c).
1
Let p = 27084 - 27080. Let s(m) = -2*m**3 + 14*m**2 - 19*m - 18. Calculate s(p).
2
Let i(s) = 7*s + 15 - s**2 + 24 - 3*s - 24 + 20. What is i(6)?
23
Let u be (12/7)/((612/7)/12 + -7). Let i(s) = -s**3 + 6*s**2 + 6*s - 3. Calculate i(u).
33
Let d(z) = 140*z - 223 + 140*z + 24 - 296*z. Calculate d(-13).
9
Let s be ((-112)/(-49))/((-30)/(-21))*15/12. Suppose -4*a - m = -0*a - 5, -3*a + 5*m + 21 = 0. Let v(o) = -o - 7*o + 3 - a*o. Give v(s).
-17
Suppose -72*c + 8*c + 704 = 0. Let v(q) = q**3 - 11*q**2 + 3*q - 19. Calculate v(c).
14
Suppose 440*s + 70*s - 3570 = 0. Let q(u) = -u**3 + 7*u**2 - 11*u + 76. Calculate q(s).
-1
Let r(y) be the second derivative of -y**6/120 - y**5/12 - y**4/24 - 11*y**3/6 - 17*y**2 + 66*y. Let g(u) be the first derivative of r(u). Give g(-5).
-6
Suppose -4*y = -4*a - 28, 3*y = -64*a + 61*a - 21. Let w(i) = 2*i**2 + i - 19. What is w(y)?
-19
Suppose 2*b - 257 = -3*n, 5*n - b = 250 + 187. Let r = n - 84. Let q(x) = x**2 - 5*x - 1. What is q(r)?
-7
Let z = -184 + 177. Let h(i) be the second derivative of -i + 7/6*i**3 + 0 - 9/2*i**2 + 1/12*i**4. What is h(z)?
-9
Let r(q) = 12*q - 369 + 381 - 15*q - 14*q. Determine r(4).
-56
Let m(y) be the third derivative of y**5/30 - 25*y**4/12 + 4*y**3/3 - 2353*y**2. What is m(25)?
8
Let h(v) = -v**2 + 13*v - 6. Let c be 294/10 + (-70)/175. Suppose c*b + 72 = 35*b. What is h(b)?
6
Let t = 12 + 1. Let a(n) = t - n**3 + 7*n**2 - 8 - 4*n - 2*n**2. Give a(5).
-15
Let s(c) = 5*c